 72823?
47
Calculate the remainder when 42334 is divided by 109.
42
What is the remainder when 1100 is divided by 71?
35
Calculate the remainder when 2439 is divided by 202.
15
Calculate the remainder when 1725 is divided by 66.
9
What is the remainder when 40045 is divided by 24?
13
Calculate the remainder when 14877 is divided by 789.
675
What is the remainder when 85960 is divided by 483?
469
What is the remainder when 163694 is divided by 68?
18
What is the remainder when 25115 is divided by 344?
3
What is the remainder when 387293 is divided by 14?
11
Calculate the remainder when 15193 is divided by 5000.
193
What is the remainder when 256302 is divided by 772?
770
What is the remainder when 19188 is divided by 101?
99
Calculate the remainder when 2871 is divided by 514.
301
Calculate the remainder when 2912128 is divided by 18.
16
Calculate the remainder when 210657 is divided by 39.
18
Calculate the remainder when 50353 is divided by 2400.
2353
Calculate the remainder when 436198 is divided by 600.
598
What is the remainder when 8514 is divided by 37?
4
Calculate the remainder when 5618 is divided by 5557.
61
What is the remainder when 3531 is divided by 22?
11
Calculate the remainder when 464050 is divided by 116008.
18
What is the remainder when 45355 is divided by 15102?
49
What is the remainder when 2262054 is divided by 161?
4
What is the remainder when 95470 is divided by 285?
280
Calculate the remainder when 574586 is divided by 358.
354
Calculate the remainder when 1166 is divided by 189.
32
What is the remainder when 56207 is divided by 23?
18
Calculate the remainder when 1159 is divided by 9.
7
Calculate the remainder when 2326 is divided by 331.
9
What is the remainder when 119704 is divided by 86?
78
Calculate the remainder when 127229 is divided by 256.
253
What is the remainder when 37454 is divided by 18?
14
Calculate the remainder when 353455 is divided by 176723.
9
What is the remainder when 1695 is divided by 123?
96
What is the remainder when 42825 is divided by 249?
246
What is the remainder when 14708427 is divided by 2685?
2682
What is the remainder when 105521 is divided by 86?
85
What is the remainder when 1579 is divided by 20?
19
What is the remainder when 52359 is divided by 13079?
43
Calculate the remainder when 14670 is divided by 3653.
58
Calculate the remainder when 963501 is divided by 24.
21
What is the remainder when 12536 is divided by 190?
186
Calculate the remainder when 11105 is divided by 2211.
50
What is the remainder when 721 is divided by 67?
51
What is the remainder when 5480 is divided by 15?
5
What is the remainder when 41907 is divided by 12?
3
What is the remainder when 12361 is divided by 2047?
79
Calculate the remainder when 5404 is divided by 23.
22
Calculate the remainder when 5230 is divided by 15.
10
What is the remainder when 282653 is divided by 41?
40
What is the remainder when 15280 is divided by 463?
1
Calculate the remainder when 73320 is divided by 18328.
8
What is the remainder when 1754 is divided by 1708?
46
What is the remainder when 139101 is divided by 72?
69
What is the remainder when 24966 is divided by 6?
0
Calculate the remainder when 282 is divided by 280.
2
What is the remainder when 414432 is divided by 11512?
0
What is the remainder when 38373 is divided by 52?
49
What is the remainder when 183883 is divided by 167?
16
Calculate the remainder when 171185 is divided by 34235.
10
Calculate the remainder when 1557 is divided by 142.
137
Calculate the remainder when 33437 is divided by 567.
551
What is the remainder when 5280608 is divided by 58?
56
What is the remainder when 6229 is divided by 108?
73
What is the remainder when 27226 is divided by 69?
40
Calculate the remainder when 125430 is divided by 8959.
4
Calculate the remainder when 46255 is divided by 236.
235
What is the remainder when 173414 is divided by 1591?
1586
Calculate the remainder when 18038 is divided by 3003.
20
What is the remainder when 67741 is divided by 164?
9
What is the remainder when 1122 is divided by 774?
348
Calculate the remainder when 638370 is divided by 196.
194
What is the remainder when 1693 is divided by 9?
1
Calculate the remainder when 3645 is divided by 123.
78
Calculate the remainder when 48712 is divided by 138.
136
Calculate the remainder when 165785 is divided by 28.
25
What is the remainder when 454 is divided by 113?
2
Calculate the remainder when 120534 is divided by 84.
78
What is the remainder when 70440 is divided by 58?
28
What is the remainder when 1255755 is divided by 16?
11
What is the remainder when 559422 is divided by 434?
430
What is the remainder when 160274 is divided by 17?
15
What is the remainder when 105330 is divided by 479?
429
Calculate the remainder when 234409 is divided by 192.
169
Calculate the remainder when 22916 is divided by 7486.
458
Calculate the remainder when 1717 is divided by 286.
1
Calculate the remainder when 14687 is divided by 18.
17
Calculate the remainder when 3542 is divided by 232.
62
Calculate the remainder when 94280 is divided by 118.
116
What is the remainder when 14956 is divided by 23?
6
Calculate the remainder when 3494 is divided by 145.
14
Calculate the remainder when 154257 is divided by 380.
357
Calculate the remainder when 9198 is divided by 2846.
660
What is the remainder when 12934 is divided by 57?
52
What is the remainder when 31686 is divided by 4?
2
Calculate the remainder when 27294 is divided by 433.
15
Calculate the remainder when 2492 is divided by 371.
266
Calculate the remainder when 4379 is divided by 436.
19
Calculate the remainder when 2617337 is divided by 37.
31
Calculate the remainder when 19795 is divided by 1163.
24
What is the remainder when 3388 is divided by 3369?
19
Calculate the remainder when 1237 is divided by 82.
7
What is the remainder when 113266 is divided by 658?
90
Calculate the remainder when 646 is divided by 224.
198
What is the remainder when 1179 is divided by 195?
9
What is the remainder when 9471 is divided by 3157?
0
What is the remainder when 26901 is divided by 26635?
266
What is the remainder when 1567 is divided by 2?
1
Calculate the remainder when 7094 is divided by 55.
54
What is the remainder when 14594 is divided by 16?
2
What is the remainder when 863 is divided by 171?
8
What is the remainder when 771 is divided by 48?
3
What is the remainder when 17866 is divided by 141?
100
What is the remainder when 530692 is divided by 132645?
112
Calculate the remainder when 385 is divided by 342.
43
Calculate the remainder when 104943 is divided by 937.
936
Calculate the remainder when 77438 is divided by 5.
3
Calculate the remainder when 254396 is divided by 16957.
41
What is the remainder when 430917 is divided by 73?
71
What is the remainder when 5192 is divided by 483?
362
Calculate the remainder when 4129 is divided by 48.
1
What is the remainder when 2242 is divided by 697?
151
What is the remainder when 15326 is divided by 987?
521
What is the remainder when 83984 is divided by 6459?
17
What is the remainder when 108087 is divided by 3?
0
Calculate the remainder when 1277 is divided by 14.
3
Calculate the remainder when 3813 is divided by 271.
19
Calculate the remainder when 60905 is divided by 1903.
9
What is the remainder when 14101 is divided by 943?
899
Calculate the remainder when 6758 is divided by 447.
53
What is the remainder when 1828 is divided by 380?
308
Calculate the remainder when 5095 is divided by 70.
55
Calculate the remainder when 555373 is divided by 75.
73
What is the remainder when 140052 is divided by 293?
291
What is the remainder when 713772 is divided by 237923?
3
Calculate the remainder when 12203 is divided by 36.
35
Calculate the remainder when 19891 is divided by 24.
19
Calculate the remainder when 40148 is divided by 239.
235
What is the remainder when 15187 is divided by 763?
690
What is the remainder when 976 is divided by 423?
130
What is the remainder when 79814 is divided by 44?
42
Calculate the remainder when 3088 is divided by 64.
16
Calculate the remainder when 35083 is divided by 69.
31
Calculate the remainder when 1217 is divided by 58.
57
Calculate the remainder when 54491 is divided by 21.
17
Calculate the remainder when 1